ppose 5*c = 5*q - 50, -22*q + 4*c = -23*q. Let u be -3*(-57)/9 + 1. What is the greatest common divisor of q and u?
4
Let i(a) = 3*a + 16. Let f be i(-6). Let l be ((-66)/(-88))/(f/(-24)). Calculate the highest common factor of l and 3.
3
Suppose 4*z + 27 = 47. Suppose o - z = -0*o. Suppose 0 = 2*c + o*h, -5*c + 3*h = -0*h - 62. What is the highest common factor of c and 30?
10
Let m(n) = 3*n + 73. Let o be m(-23). Suppose l = -h - 2, 0 = 4*l - l - h + 14. Let g be l/12 - (-13)/3. Calculate the greatest common divisor of g and o.
4
Let l = 1003 - 886. Let w = -16 - -42. Calculate the highest common factor of l and w.
13
Let n = -304 + 328. Let c be 25300/n - (5 - (-145)/(-30)). Calculate the greatest common divisor of c and 17.
17
Suppose 4*d + n - 1396 = 184, 0 = -5*d - 4*n + 1964. Suppose 24*m + d = 25*m. Calculate the highest common factor of 44 and m.
44
Suppose -3*y - 171 = -4*p - 2*y, 3*y = -9. Suppose -9*z + p = -3*z. Calculate the greatest common divisor of 21 and z.
7
Suppose 463*k - 1512 = 454*k. What is the greatest common divisor of k and 1904?
56
Suppose -6*i = 238 + 92. Let u = 67 + i. What is the highest common divisor of 15 and u?
3
Let y be -9 + (-2)/((-38)/119605). Calculate the greatest common factor of y and 14.
14
Suppose -102*p + 34*p + 2060 = -524. Calculate the highest common divisor of 28082 and p.
38
Suppose -3*z + 2*a + 1961 = 0, 4*a - 722 = -11*z + 6389. Calculate the highest common divisor of z and 1357.
59
Let r(u) = -2*u**2 + 147*u - 2259. Let f be r(50). Let w be ((-2)/4)/(2/(-156)). Calculate the greatest common factor of f and w.
13
Let x be 1/2 - 46/(-4). Let r(k) = -k**2 + 17*k + 42. Let g = 68 + -50. Let n be r(g). What is the greatest common divisor of x and n?
12
Suppose 3132*h + 34410 = 3206*h. Suppose p = 20 - 5. Calculate the greatest common factor of p and h.
15
Let w = 32183 + -32175. What is the greatest common divisor of 1672 and w?
8
Suppose -5*f = -3*h + h - 611, -4*f + 490 = -2*h. Let q = f - 13. What is the greatest common factor of 4 and q?
4
Suppose -3*h + 2 = -4. Suppose h*c = 6*c - 576. Let b = 4754 - 4736. What is the highest common factor of b and c?
18
Suppose -p - 52*o = -54*o - 6, -4*o + 68 = 3*p. Calculate the greatest common factor of 808 and p.
8
Suppose -331 + 175 = -3*l. Let n = 17 + -2. Let k = n + -2. What is the highest common factor of l and k?
13
Let g be (-48)/(-72)*(-5)/((-20)/4134). What is the greatest common divisor of g and 260?
13
Suppose 2*f - 4*f + 102 = y, y - f = 117. Calculate the highest common factor of 980 and y.
28
Let w be (-12)/2 - (-48)/12. Let c(u) = -u**3 + 3*u**2 - u - 4. Let j be c(w). Suppose -r - 6 + 24 = 0. What is the highest common factor of r and j?
18
Let x be ((-17)/34)/(4/(-8684)) - (-2)/(-4). Calculate the highest common divisor of x and 651.
217
Suppose 6*v = 79 + 161. Calculate the greatest common factor of v and 540.
20
Suppose -4*w = -2*q - 264, 5*w + 27*q - 285 = 22*q. Calculate the greatest common divisor of w and 225.
9
Let x = 201 + -198. Suppose 2*z - 3*z + 117 = -2*v, x*v + 468 = 4*z. Calculate the highest common factor of z and 36.
9
Let z = 27 - 20. Let q be 3 - 26*3/(-6). Let k = q + -9. What is the highest common factor of z and k?
7
Let m be 5046/30 + (-232)/(-290). Calculate the highest common divisor of m and 572.
13
Let w be 12/9*(-7 + (-85)/(-10)). Suppose 2*c - 519 = -5*u + 206, w*c = -u + 153. What is the greatest common divisor of u and 44?
11
Let z = -654 + 800. What is the greatest common divisor of z and 657?
73
Let l(g) = -135*g**3 - g**2 - 5*g - 3. Let z be l(-1). What is the highest common divisor of z and 176?
8
Let q be 2019/(-2)*(-7)/(252/(-24)). Let l = -571 - q. Calculate the greatest common factor of 24 and l.
6
Let y = -680 + 833. Let n = 364 + -228. Calculate the highest common divisor of y and n.
17
Let i be (-126)/(-4)*(-1 + 3) - 12. Let m be 4/(-22) - 376/(-11). Calculate the highest common factor of i and m.
17
Suppose -2*j = -10*j + 96. Suppose 28*d = j*d + 896. Suppose 5*m = 3*c - 4*c - 7, -15 = -3*c - 3*m. What is the highest common factor of c and d?
8
Let u = -199 + 337. Suppose u*n + 400 = 143*n. What is the greatest common factor of n and 200?
40
Let q be ((-24)/10)/(6/(-40)). Let z be (1008/(3 - 6))/((-6)/(-8)). Let o = -416 - z. Calculate the greatest common factor of q and o.
16
Let h be (358/10)/(2*5/50). Suppose 0 = -s + 5*x + h, 0*s + 2*x = 5*s - 780. What is the greatest common factor of s and 28?
14
Let q(k) = -128*k. Let a be q(-1). Let r = a + -78. Suppose -4*u + 2 = -d + 1, -5*u = 2*d - r. What is the highest common factor of d and 60?
15
Let t(z) = -z**3 - 7*z**2 - 24*z - 40. Let j be t(-20). Let m be (4 - j/(-108)) + (-4)/18. Calculate the highest common divisor of 140 and m.
28
Suppose -66*m = -34*m - 53*m + 4620. Calculate the greatest common factor of 4235 and m.
55
Let a = -130 + 130. Suppose a = -7*s + 35 + 280. What is the greatest common factor of s and 81?
9
Suppose 9*y - 23 = 13. Let n be 24 - (-12 - y)/4. Suppose -4*s - 8 = 0, 2*s + 12 + n = 4*z. What is the greatest common factor of 3 and z?
3
Let y = 3905 - 3772. What is the highest common factor of y and 2584?
19
Suppose -25*p + 432 = -13*p. Let z = p + 38. Let k be (2 - z)*(-22)/8. Calculate the highest common factor of k and 18.
18
Suppose -180 = -3*b + 5*s, 4*b + 5*s - 57 = 148. What is the highest common divisor of 1903 and b?
11
Let r(y) = 2*y + 17. Let w(s) = 2*s**2 - 6*s - 3. Let a be w(3). Let i be r(a). Calculate the greatest common divisor of 781 and i.
11
Suppose -17 = 13*h - 189 - 88. Calculate the highest common divisor of h and 1205.
5
Let t(n) = 10*n**2 - 76*n - 1019. Let i be t(-24). What is the highest common factor of 65 and i?
65
Let u(g) = g**2 + 21*g - 112. Let q be u(-26). Suppose 2*c = -3*c + 10. What is the highest common divisor of c and q?
2
Let r be (-21)/(-28)*1*4. Suppose f + 5*z - 70 = 0, -2*f - 2*z = 3*f - 373. Calculate the highest common divisor of r and f.
3
Let d(l) = -5*l**3 - 3*l**2 - 4*l - 4. Let p = -130 + 128. Let m be d(p). Let q = 20 - 12. What is the greatest common factor of q and m?
8
Suppose -29*z = 12227 - 43808. Let f = z - 1073. Suppose w - 18 = -5*r + 267, 4*w = 20. Calculate the greatest common factor of f and r.
8
Let s be ((-4)/34 + (-1369900)/(-5253))*60. What is the greatest common factor of 4 and s?
4
Suppose -308 = -29*w + 69. Suppose w*c - 130 = -13*c. What is the highest common factor of 17 and c?
1
Suppose d + 8 - 14 = 0. Suppose 0 = -4*f + d + 10. Let x(u) = -2*u**2 + 16*u - 10. Let z be x(5). What is the greatest common divisor of z and f?
4
Let x = 4 - 11. Let h = -37 - -24. Let d = x - h. What is the greatest common factor of d and 42?
6
Let a = -59 + 300. Let o = 263 - a. What is the highest common factor of o and 297?
11
Let g be ((-2)/6)/(62/(-60) + 1). Let b = 14 - 8. Let h be (b/(-9))/(1/(-30)). What is the greatest common factor of h and g?
10
Let n(z) = -z**3 - 12*z**2 - 17*z - 8. Let w be (-29 - -28)/(-1*(-2)/22). Let r be n(w). What is the highest common factor of r and 638?
58
Suppose 172*m + 25 = 177*m. Suppose -5*f + 16 = v, -m*f + 4 = 12*v - 8*v. Let h(z) = -13*z - 5. Let r be h(-5). Calculate the highest common divisor of f and r.
4
Let a = 2978 + -2956. Let j(i) = -i**2 - 8*i - 13. Let r be j(-11). Let s = r + 68. What is the highest common factor of s and a?
22
Let o(f) = -4*f**2 - 19. Let p be o(11). Let d = -458 - p. What is the highest common factor of 45 and d?
45
Let i be (-10)/(-35) - (-556)/14. Let y = -27 + i. Let o be y/(-3)*3/(-1). Calculate the highest common factor of o and 13.
13
Let r be 17*((2 - 1) + 0)*1. Let z = 294 + 97. Calculate the greatest common factor of r and z.
17
Let u(s) = s**3 - 20*s + 33. Let b be u(2). What is the highest common factor of 359 and b?
1
Let k(q) = q**3 + 23*q**2 + 33*q - 12. Let t be k(-4). What is the greatest common factor of t and 610?
10
Let d = 149 + -101. Let r = -260 + 324. What is the highest common factor of d and r?
16
Suppose 0 = -71*n + 1727 + 5089. What is the greatest common divisor of 24 and n?
24
Suppose 21*r - 28*r + 35 = 0. Suppose 4*x = 16, -r*x = 5*k - 56 - 104. Calculate the highest common factor of 126 and k.
14
Let d(z) = -3*z + 60. Let o be d(16). Let h(x) = x + 53. Let